r when 17 is divided by i.
2
Suppose 0 = 4*t + 4*i + i - 503, 3*i - 9 = 0. What is the remainder when t is divided by 25?
22
Let l(v) be the first derivative of -37*v**2/2 + 9*v + 8. What is the remainder when l(-4) is divided by 16?
13
Suppose 4*t - 1092 = 5*v, -2*t + t + 5*v = -258. Calculate the remainder when t is divided by 56.
54
Let o(p) = 12*p - 8*p - 3*p. Let u be o(-4). Calculate the remainder when 23 is divided by 2*u/8*-13.
10
Suppose 2*t - 98 = -4*n, 0*t - 3*n = 5*t - 210. Let b = -22 - -38. Let l = b + -2. What is the remainder when t is divided by l?
11
Let n = 32 + -23. Let w(l) = 3*l + 44 - 5 - 6 - 4*l. What is the remainder when w(0) is divided by n?
6
What is the remainder when (-99)/(-22)*(-19222)/(-63) is divided by 16?
13
Let l = 110 + 2. Suppose 0 = 2*d - 21 - 1. Suppose k - d = -x + 17, 3*k - l = -4*x. Calculate the remainder when 54 is divided by x.
26
Let k(u) = 2*u**2 - 3*u - 2. Calculate the remainder when k(3) is divided by -11 + (-372)/(-24) - 6/(-4).
1
Let u be 6 - 0/(-2) - 2. Suppose -u*d + 5*d - 69 = 0. Calculate the remainder when d is divided by 5.
4
Let c(a) = -a**3 - 10*a**2 + 3*a + 3. Let v be c(-10). What is the remainder when 71 is divided by (-10 - v) + (-4)/(-2)?
14
Let b(x) = -7*x**3 - 21*x**2 - 4. Let m be b(-3). Let h(k) = 2*k**3 - 4*k**2 - 4. Let g be h(3). Let y = g - m. What is the remainder when y is divided by 10?
8
Suppose 0 = 2*i + 12*f - 7*f - 26, f + 2 = 0. Suppose 5*u - 3*g - 90 = 2*g, u - 3*g - 8 = 0. What is the remainder when u is divided by i?
5
Suppose 0 = 4*d + 5*r - 453, -5*d - 187 = 4*r - 751. Suppose -7*m + 3*m = -d. Suppose 0*j + 3*j - 327 = 0. What is the remainder when j is divided by m?
25
Let n be 4/1 - (2 - 6). Let q(f) = -f**3 + 10*f**2 - 13*f + 9. Suppose j = -s + 20, j + 3*j - 4*s - 56 = 0. Calculate the remainder when q(n) is divided by j.
16
Suppose -216 = -12*a + 252. Calculate the remainder when a is divided by 10.
9
Suppose 0 = 10*y - 314 - 1516. Suppose -y - 162 = -5*c. Calculate the remainder when c is divided by 14.
13
Suppose 0 = 3*d - 32 - 22. Let m(r) = 7*r + 4. Calculate the remainder when m(4) is divided by d.
14
Let n(l) = -23*l - 77. Calculate the remainder when 131 is divided by n(-4).
11
Suppose 5*n - 2167 = -h, 2*n - 7*h - 868 = -8*h. What is the remainder when n is divided by 29?
27
Suppose 0 = 2*n - 13 - 53. Calculate the remainder when 60 is divided by n.
27
Let r = 513 + -1128. What is the remainder when (-1)/2 - r/6 is divided by 26?
24
Suppose -m - 9*m + 210 = 0. What is the remainder when 41 is divided by m?
20
Let t = 570 - 461. What is the remainder when t is divided by 16?
13
Let o be -9 + (2 + -4 - -6). Let q(c) = c**2 + 4*c + 4. Calculate the remainder when 34 is divided by q(o).
7
Suppose 7*y + 13 = 76. Let j(z) = -z + 21. Suppose 3*o + 2*o = -3*q + 140, -5*q + o = -224. Calculate the remainder when q is divided by j(y).
9
Suppose 5 - 15 = -5*h. Suppose -2*v + 68 = 4*p, 2*v - 116 = -h*v - 4*p. Let u = 70 - 24. What is the remainder when u is divided by v?
22
Let k(q) be the first derivative of q**3 + q**2/2 - 2*q - 2. What is the remainder when (-9)/(2/(-14 + 0)) is divided by k(-3)?
19
Let b = 1117 - 780. What is the remainder when b is divided by 57?
52
Let x(q) = -q**3 + 7*q**2 + 7*q - 4. Calculate the remainder when x(5) is divided by (-2)/(-4)*1 - 138/(-12).
9
What is the remainder when 272 is divided by 1/((-3)/(-150)) + 5?
52
Let g be 6/(-18) - 39/(-9). Let l(y) = -3*y + 10. Let m(h) = 8*h - 29. Let x(a) = g*m(a) + 11*l(a). Calculate the remainder when 2 is divided by x(-8).
0
Let n be (-136)/(-6) - (-2)/6. What is the remainder when -2*n*(-3)/6 is divided by ((-4)/2)/(10/(-60))?
11
Let i = -16 + 18. Suppose i*k - 57 = 2*o - 11, 3*o - 99 = -5*k. Suppose 5*s - 39 = k. Calculate the remainder when s is divided by 5.
2
Let w(y) = 34 + 33 - 86 - 30*y. Calculate the remainder when w(-3) is divided by 12.
11
Let s = 2883 + -2766. What is the remainder when 1162 is divided by s?
109
Suppose 6*w + 18*w - 216 = 0. What is the remainder when 132 is divided by w?
6
Let m = -418 - -864. Calculate the remainder when m is divided by 18.
14
Suppose 2*s - 41 = -5*p + 38, -41 = -s - 2*p. What is the remainder when 82 is divided by s?
35
Let p(r) = 10*r**2 - 72*r + 18. What is the remainder when p(11) is divided by 142?
10
Let y(n) = n**3 - 6*n**2 + 31*n - 256. Calculate the remainder when y(9) is divided by 30.
26
Suppose 0*j = 3*j - 27. Suppose -2*z + 53 = -z. Calculate the remainder when z is divided by j.
8
Calculate the remainder when 118 is divided by 100/4 + (-15)/((-30)/(-4)).
3
Let h(d) = -d - 1. Suppose 5*c - 4*a = 90, -4*c + 72 = 19*a - 17*a. Suppose -11*k + 103 = -c. What is the remainder when k is divided by h(-5)?
3
Suppose b = -3*b + 4. Calculate the remainder when (-3 - -2)*(-73 - b) is divided by 19.
17
Let c = 3 + -23. Let g be (-38)/8 + 5/c. Let q = g + 24. What is the remainder when q is divided by 7?
5
Let w(t) = t**2 + 14*t + 31. Calculate the remainder when w(7) is divided by 20.
18
Let j(k) = 7*k + 48. What is the remainder when 92 is divided by j(0)?
44
Let u be (1/1 + 0)/(-1). Let z(g) = 18*g**2 + g + 1. What is the remainder when z(u) is divided by 10?
8
What is the remainder when (-29)/((-232)/(-336))*2/(-4) is divided by 10?
1
Let z = 11 + -6. Suppose 3*w = z*d + 136, 7*w - 205 = 2*w + 4*d. What is the remainder when w is divided by 27/9 - (-11 - -1)?
11
Suppose 0 = -v + 2*z + 287, 1193 = 6*v - 2*v + z. What is the remainder when v is divided by 13?
11
Suppose 3*r + 79 = -4*g, 5*r + 180 = -0*r + 3*g. Let i = 64 + r. Suppose -212 = i*p - 35*p. What is the remainder when p is divided by 11?
9
Let j = 38 + -10. Suppose -5*u + 279 = -p, 0*u - 4*u + 5*p + 240 = 0. What is the remainder when u is divided by j?
27
Let w = 37 + -26. Suppose -3*k + 2*c + 59 = -117, c - 5 = 0. Calculate the remainder when k is divided by w.
7
Suppose 5*c - 4*c - 43 = -3*m, -c = -4*m + 55. Calculate the remainder when 69 is divided by m.
13
Let a = 141 - 113. What is the remainder when 77 is divided by a?
21
Calculate the remainder when -7 - 2*(-730)/10 is divided by 35.
34
Let g be (-3 + 1)*(1 + -4). Let s = 9 - g. Suppose s*x = 7*x - 20. Calculate the remainder when 18 is divided by x.
3
Suppose 0 = 5*b - 188 - 182. Let o = 4367 - 4360. Calculate the remainder when b is divided by o.
4
Suppose 7*y = -669 + 2006. Suppose 3*x + 2*q = 29 + 29, 2*x - 12 = 4*q. What is the remainder when y is divided by x?
15
Let i(q) = -q**3 - 55*q**2 - 53*q + 66. Calculate the remainder when 27 is divided by i(-54).
3
Suppose 2*m + 915 = 1053. What is the remainder when 131 is divided by m?
62
Suppose -w - p + 232 = 50, p - 906 = -5*w. Calculate the remainder when w is divided by 92.
89
Suppose 139 = 5*z - 136. Suppose 0*f - z = 5*f. Let o = f + 17. Calculate the remainder when 10 is divided by o.
4
Let m(y) = -40*y - 48. Calculate the remainder when m(-8) is divided by 13.
12
Suppose -3*l + 4*l = 6. Suppose 0 = 2*w + l, -5*w - 12 = -2*a + 27. What is the remainder when 35 is divided by a?
11
Suppose -4 = -2*a - 0. Let u be ((-20)/(-7))/((-2)/(-7)). Suppose u = a*v - 8. Calculate the remainder when 16 is divided by v.
7
Let m(f) = -f**3 + 8*f - 2. Let p be m(2). Let l = 5 + 45. Suppose l = p*w - 100. What is the remainder when w is divided by 13?
12
Suppose 3*h - 12 = 2*h. Suppose -3*i = -6*i + h. Suppose -10 = -i*m + 2*m. What is the remainder when 18 is divided by m?
3
Let b = 1362 - 1242. Calculate the remainder when 718 is divided by b.
118
Let s = 2 - -2. Suppose s*n = 5*n - 15. Let m = -11 + 39. Calculate the remainder when m is divided by n.
13
Let v(x) = -16*x - 270. Calculate the remainder when 340 is divided by v(-18).
16
Let g(o) = -2*o - 9. Let z be g(-7). Suppose 0 = z*q - 120 - 70. Suppose 4*h - 102 = -q. What is the remainder when 45 is divided by h?
13
Let p = -658 + 710. What is the remainder when p is divided by 31?
21
Suppose -5*c + 4*l + 10 = 0, -38 = -8*c + 5*c - 4*l. Suppose -c*f + f = -15, -u + 23 = f. What is the remainder when u is divided by 6?
2
Let t be 18/(-27)*3/(-2). Calculate the remainder when 69 is divided by 6/(-18)*t - 46/(-3).
9
Let u = 20 + 1. Suppose -5*i - 343 = -103. Let z = i - -89. What is the remainder when z is divided 